{"id":114,"date":"2019-10-28T11:05:50","date_gmt":"2019-10-28T10:05:50","guid":{"rendered":"http:\/\/proba.jobbkor.hu\/?page_id=114"},"modified":"2019-11-04T10:38:17","modified_gmt":"2019-11-04T09:38:17","slug":"orban-viktor-beszede-nagy-gaspar-szobranak-avatasan","status":"publish","type":"page","link":"https:\/\/jobbkor.hu\/index.php\/orban-viktor-beszede-nagy-gaspar-szobranak-avatasan\/","title":{"rendered":"Orb\u00e1n Viktor besz\u00e9de Nagy G\u00e1sp\u00e1r szobr\u00e1nak avat\u00e1s\u00e1n"},"content":{"rendered":"\n<p>Kell lennie valaminek az elsz\u00e1nts\u00e1gon t\u00fal, ami ennyi embert r\u00e1vesz,\n hogy szombat d\u00e9lut\u00e1n a farkasord\u00edt\u00f3 janu\u00e1ri hidegben \u00f6nk\u00e9nt kock\u00e1ztassa\n a fagyhal\u00e1lt, \u00e9s mindezt egy szobor felavat\u00e1sa \u00e9rdek\u00e9ben. Ez az \nelsz\u00e1nts\u00e1gon t\u00fali valami pedig maga a szeretet. Szerett\u00fck Nagy G\u00e1sp\u00e1rt, \nez\u00e9rt vagyunk ma itt. Gyakran mondjuk temet\u0151i b\u00facs\u00fabesz\u00e9dek z\u00e1r\u00e1sak\u00e9nt: \neml\u00e9ke legyen \u00e1ldott, \u00e9s most az\u00e9rt j\u00f6tt\u00fcnk \u00f6ssze, hogy szobrot \n\u00e1ll\u00edtsunk az \u00e1ldott eml\u00e9k\u0171, szeretett bar\u00e1tunknak, Nagy G\u00e1sp\u00e1rnak. \n\u201cSzerethetett engem az Isten, mert teremtm\u00e9ny\u00e9nek engem is elfogadott, \ns\u00e1rb\u00f3l, agyagb\u00f3l, ap\u00e1m s any\u00e1m \u00e1lmaib\u00f3l.\u201d Ezekkel a szavakkal b\u00facs\u00fazott \nt\u0151l\u00fcnk t\u00edz \u00e9vvel ezel\u0151tt Nagy G\u00e1sp\u00e1r, az \u00f6r\u00f6kny\u00e1r h\u00edrn\u00f6ke. Ebben az \nutols\u00f3 n\u00e9gy sorban minden benne van, amit ember mag\u00e1r\u00f3l mondhat: a \nsziklaszil\u00e1rd \u00e9s m\u00e9gis al\u00e1zatos hite, a pannonhalmi benc\u00e9s gimn\u00e1zium \nszellemis\u00e9ge, \u00e9s ott van a b\u00e9rbaltav\u00e1ri sz\u00fcl\u0151i h\u00e1z melegs\u00e9ge. Nagy \nG\u00e1sp\u00e1rra \u00fagy eml\u00e9ksz\u00fcnk, mint aki szem\u00e9lyes k\u00fcldet\u00e9s\u00e9nek tekintette az \n\u201956-os m\u00e1rt\u00edrokra val\u00f3 eml\u00e9kez\u00e9s \u00f6r\u00f6k \u00e9rv\u00e9ny\u0171 kereszt\u00e9ny parancs\u00e1t, \u00e9s \nezzel a nyolcvanas \u00e9vek derek\u00e1n eleven\u00e9be tal\u00e1lt az akkor harminc \u00e9ves \nj\u00fad\u00e1sfa \u00e1rny\u00e9k\u00e1ban h\u0171s\u00f6l\u0151 elvt\u00e1rsaknak.<\/p>\n\n\n\n<p>Tisztelt Budakeszi Polg\u00e1rok!<\/p>\n\n\n\n<p>Ann\u00e1l az embern\u00e9l, aki hajland\u00f3 az igazs\u00e1g\u00e9rt elmenni a falig, csak \negy k\u00fcl\u00f6nb van: aki a falakat le is meri bontani. Nagy G\u00e1sp\u00e1r ilyen \nember volt. Nem \u0151 kereste mag\u00e1nak ezt a k\u00fcldet\u00e9st, ink\u00e1bb csak hagyta, \nhogy a k\u00fcldet\u00e9s megtal\u00e1lja \u0151t. Le merte \u00edrni, amir\u0151l m\u00e1sok legfeljebb \ncsak besz\u00e9ltek, \u00e9s besz\u00e9lni, mert arr\u00f3l, amir\u0151l a legt\u00f6bben csak \nhallgattak. Szel\u00edd hajthatatlans\u00e1g\u00e1val sz\u00e9tt\u00f6rte az okt\u00f3beri tavasz \nh\u0151seir\u0151l gy\u00e1rtott kommunista hazugs\u00e1gokat. K\u00e9t \u00e9vtizeden kereszt\u00fcl 23 \n\u00fcgyn\u00f6k leste minden egyes mozdulat\u00e1t. Az\u00f3ta m\u00e1r mindannyian meg\u00e9rtett\u00fck:\n a v\u00e9gelgyeng\u00fcl\u00e9s fel\u00e9 araszolgat\u00f3 guly\u00e1skommunizmus okkal tartott az \u0151 \ntetemre h\u00edv\u00f3 szavait\u00f3l, amikor megadj\u00e1k az igazs\u00e1got \u00e9s vele a \nv\u00e9gtisztess\u00e9get az \u201956-os forradalom szabads\u00e1gharcosainak, ott \u00e9s abban a\n pillanatban orra bukik, \u00e9s megsemmis\u00fcl a magyar kommunista rendszer. Az\n \u0151 versei \u00e9s szem\u00e9lyes ki\u00e1ll\u00e1sa nyitotta meg az utat, amely ide \nelvezetett. M\u00e1r ahhoz is, hogy rendszerbont\u00f3 k\u00f6ltem\u00e9nyei legal\u00e1bb a \nnyomd\u00e1ig eljussanak, kiv\u00e9teles k\u00f6lt\u0151i brav\u00farokat kellett bemutatnia a \ncenzorok \u00e1ltal fel\u00e1ll\u00edtott felem\u00e1s korl\u00e1tokon, \u00e9s neki ilyen felt\u00e9telek \nmellett siker\u00fclt el\u00e9rni azt, amire a magyar irodalom t\u00f6rt\u00e9net\u00e9ben csak a\n legb\u00e1trabbak \u00e9s a legelk\u00f6telezettebb k\u00f6lt\u0151k voltak k\u00e9pesek: verseivel \nford\u00edtani tudott a magyar nemzet sors\u00e1n. Egy eg\u00e9sz nemzed\u00e9k, a mi \nnemzed\u00e9k\u00fcnk tanulta t\u0151le m\u00e1r akkor is a helyes, vagyis egyenes \ntesttart\u00e1s b\u00e1tors\u00e1g\u00e1t; tanultuk t\u0151le a k\u00fcldet\u00e9studatot, amellyel ak\u00e1r az\n utols\u00f3 t\u00f6lt\u00e9nyig k\u00e9sz volt v\u00e9delmezni a magyar szabads\u00e1g ezer\u00e9ves \nhagyom\u00e1ny\u00e1t; tanultuk t\u0151le a kitart\u00e1st, amely a nyolcvanas \u00e9vek \nlegfagyosabb peri\u00f3dus\u00e1ban is emelt f\u0151vel viselte a cenz\u00far\u00e1t, a \nszilenciumot \u00e9s a meghurcoltat\u00e1sokat. A mi igaz h\u0151s\u00fcnk volt \u0151, aki \nb\u00e1rmerre is j\u00e1rt a K\u00e1rp\u00e1t-medenc\u00e9ben, l\u00e1bnyom\u00e1ban mindig a szabads\u00e1g kis\n k\u00f6rei t\u00e1madtak, ak\u00e1rcsak itt, Budakeszin. Politikai, szellemi \ntestamentuma vel\u00fcnk \u00e9l, ir\u00e1nyt\u0171nk \u00e9s vez\u00e9rcsillagunk, korm\u00e1nyzati \nmunk\u00e1nk vez\u00e9rfonala is. Botcsin\u00e1lta ut\u00e1nz\u00f3k\u00e9nt valahogy \u00fagy mondan\u00e1m: \nnem felejteni, m\u00e9lt\u00f3 maradi, haz\u00e1t emelni.<\/p>\n\n\n\n<div class=\"wp-block-image\"><figure class=\"alignleft\"><img decoding=\"async\" src=\"http:\/\/nagygasparszobor.hu\/wp-content\/uploads\/2017\/03\/OrbanViktor_Beszed.jpg\" alt=\"\" class=\"wp-image-74\"\/><\/figure><\/div>\n\n\n\n<p>Miel\u0151tt azonban leleplezn\u00e9nk ezt a szobrot, fontos lenne az \u0151 \nszavaival \u00e9lve valami szabad\u00edt\u00f3t mondani. Valamit, amit azokt\u00f3l a \nk\u00f6lt\u0151kt\u0151l tanulhatunk, akik hozz\u00e1 hasonl\u00f3an Pet\u0151fi rendj\u00e9hez tartoztak, \n\u00e9s akik a ma oly divatos, egyn\u00e9mely orsz\u00e1gban k\u00f6telez\u0151 politikai \nkorrekts\u00e9get a hamis pr\u00f3f\u00e9t\u00e1k legf\u0151bb ism\u00e9rv\u00e9nek tekintett\u00e9k. Ma vel\u00fck \negy\u00fctt k\u00e9rdezz\u00fck, \u00e9s minden nap egyre s\u00fcrget\u0151bben, hogy vajon mi lesz \nhaz\u00e1nkkal, ezzel a boldogtalan, farizeusi Eur\u00f3p\u00e1val, amely cinkos \nlelkiismeret\u00e9t modern mes\u00e9kkel csit\u00edtja, mik\u00f6zben sorsa csak egy \nszalmasz\u00e1lon f\u00fcgg? \u00c9s Nagy G\u00e1sp\u00e1rt\u00f3l j\u00f6n a felelet: \u201ca rem\u00e9ny sohasem \nmeghal\u00f3, ha minden utols\u00f3 szalmasz\u00e1l abb\u00f3l a j\u00e1szolb\u00f3l val\u00f3.\u201d<\/p>\n\n\n\n<p>Eml\u00e9ke legyen \u00e1ldott!<\/p>\n\n\n\n<p><em>Orb\u00e1n Viktor<\/em><\/p>\n\n\n\n<p><em>minisztereln\u00f6k<\/em><\/p>\n\n\n\n<figure class=\"wp-block-audio\"><audio controls src=\"https:\/\/drive.google.com\/uc?export=download&amp;id=0B9L-KcH9q8oWU1haSGNfMzhENlE\"><\/audio><figcaption>Hallgassa meg a besz\u00e9det!<\/figcaption><\/figure>\n\n\n\n<figure class=\"wp-block-embed-youtube wp-block-embed is-type-video is-provider-youtube wp-embed-aspect-4-3 wp-has-aspect-ratio\"><div class=\"wp-block-embed__wrapper\">\n<iframe loading=\"lazy\" title=\"Orb\u00e1n Viktor besz\u00e9de Budakeszin a Nagy G\u00e1sp\u00e1r szobor avat\u00f3\u00fcnneps\u00e9g\u00e9n, 2017. janu\u00e1r 7-\u00e9n\" width=\"640\" height=\"360\" src=\"https:\/\/www.youtube.com\/embed\/oGAkV2iqRh4?feature=oembed\" frameborder=\"0\" allow=\"accelerometer; autoplay; clipboard-write; encrypted-media; gyroscope; picture-in-picture; web-share\" referrerpolicy=\"strict-origin-when-cross-origin\" allowfullscreen><\/iframe>\n<\/div><\/figure>\n\n\n\n<p class=\"has-text-align-center\">N\u00e9zze meg a besz\u00e9d vide\u00f3felv\u00e9tel\u00e9t!<\/p>\n","protected":false},"excerpt":{"rendered":"<p>Kell lennie valaminek az elsz\u00e1nts\u00e1gon t\u00fal, ami ennyi embert r\u00e1vesz, hogy szombat d\u00e9lut\u00e1n a farkasord\u00edt\u00f3 janu\u00e1ri hidegben \u00f6nk\u00e9nt kock\u00e1ztassa a fagyhal\u00e1lt, \u00e9s mindezt egy szobor felavat\u00e1sa \u00e9rdek\u00e9ben. Ez az elsz\u00e1nts\u00e1gon t\u00fali valami pedig maga a szeretet. Szerett\u00fck Nagy G\u00e1sp\u00e1rt, ez\u00e9rt vagyunk ma itt. Gyakran mondjuk temet\u0151i b\u00facs\u00fabesz\u00e9dek z\u00e1r\u00e1sak\u00e9nt: eml\u00e9ke legyen \u00e1ldott, \u00e9s most az\u00e9rt j\u00f6tt\u00fcnk \u00f6ssze, hogy szobrot \u00e1ll\u00edtsunk az \u00e1ldott eml\u00e9k\u0171, szeretett bar\u00e1tunknak, Nagy G\u00e1sp\u00e1rnak. \u201cSzerethetett engem az Isten, mert teremtm\u00e9ny\u00e9nek engem is elfogadott, s\u00e1rb\u00f3l, agyagb\u00f3l, ap\u00e1m s any\u00e1m \u00e1lmaib\u00f3l.\u201d Ezekkel a szavakkal b\u00facs\u00fazott t\u0151l\u00fcnk t\u00edz \u00e9vvel ezel\u0151tt Nagy G\u00e1sp\u00e1r, az \u00f6r\u00f6kny\u00e1r h\u00edrn\u00f6ke. Ebben az utols\u00f3 n\u00e9gy sorban minden [&hellip;]<\/p>\n","protected":false},"author":2,"featured_media":0,"parent":0,"menu_order":0,"comment_status":"closed","ping_status":"closed","template":"","meta":{"footnotes":""},"class_list":["post-114","page","type-page","status-publish","hentry"],"_links":{"self":[{"href":"https:\/\/jobbkor.hu\/index.php\/wp-json\/wp\/v2\/pages\/114","targetHints":{"allow":["GET"]}}],"collection":[{"href":"https:\/\/jobbkor.hu\/index.php\/wp-json\/wp\/v2\/pages"}],"about":[{"href":"https:\/\/jobbkor.hu\/index.php\/wp-json\/wp\/v2\/types\/page"}],"author":[{"embeddable":true,"href":"https:\/\/jobbkor.hu\/index.php\/wp-json\/wp\/v2\/users\/2"}],"replies":[{"embeddable":true,"href":"https:\/\/jobbkor.hu\/index.php\/wp-json\/wp\/v2\/comments?post=114"}],"version-history":[{"count":5,"href":"https:\/\/jobbkor.hu\/index.php\/wp-json\/wp\/v2\/pages\/114\/revisions"}],"predecessor-version":[{"id":155,"href":"https:\/\/jobbkor.hu\/index.php\/wp-json\/wp\/v2\/pages\/114\/revisions\/155"}],"wp:attachment":[{"href":"https:\/\/jobbkor.hu\/index.php\/wp-json\/wp\/v2\/media?parent=114"}],"curies":[{"name":"wp","href":"https:\/\/api.w.org\/{rel}","templated":true}]}}