{"id":337,"date":"2019-11-03T08:57:42","date_gmt":"2019-11-03T07:57:42","guid":{"rendered":"http:\/\/proba.jobbkor.hu\/?page_id=337"},"modified":"2019-11-04T10:37:11","modified_gmt":"2019-11-04T09:37:11","slug":"gyurcsany-ferenc-magyar-allampolgarnak","status":"publish","type":"page","link":"https:\/\/jobbkor.hu\/index.php\/gyurcsany-ferenc-magyar-allampolgarnak\/","title":{"rendered":"Gyurcs\u00e1ny Ferenc magyar \u00e1llampolg\u00e1rnak"},"content":{"rendered":"\n<p>Uram!<\/p>\n\n\n\n<p>\u00d6n olyan m\u00e9rt\u00e9kben befoly\u00e1solta -negat\u00edv ir\u00e1nyban- egy  nemzet j\u00f6v\u0151be vetett hit\u00e9t, \u00f6sszetartoz\u00e1s-\u00e9rz\u00e9s\u00e9t \u00e9rint\u0151  n\u00e9pszavaz\u00e1s kimenetel\u00e9t -r\u00e1ad\u00e1sul alkotm\u00e1nyellenes m\u00f3don, amely cselekedete teh\u00e1t  de jure b\u0171nt\u00e9ny-, hogy \u00d6nnek a k\u00e9s\u0151bbi korok, a t\u00f6rt\u00e9nelem, a  magyar nemzet t\u00f6rt\u00e9nelme soha nem fogja ezt megbocs\u00e1tani.<\/p>\n\n\n\n<p>\u00d6nnek \npersze ezek a szavak, mint: &#8222;hit&#8221;, &#8222;nemzet&#8221;, &#8222;\u00f6sszetartoz\u00e1s&#8221;, \n&#8222;magyar&#8221; szocializ\u00e1ci\u00f3ja folyt\u00e1n semmit sem jelentenek, mivel \u00d6n kommunista. \nEgy \u00f6nk\u00e9nyuralmi ideol\u00f3gia sz\u00fcl\u00f6tte, k\u00e9pvisel\u0151je, kiszolg\u00e1l\u00f3ja, amely ideol\u00f3gia \nmor\u00e1lisan teljesen azonos a n\u00e1cizmus\u00e9val (sajnos a mor\u00e1l sz\u00f3 szint\u00e9n nem jelent \nsemmit \u00d6nnek). Ez\u00e9rt \u00d6n nem volt kommunista, hanem sz\u00fcletett \u00e9s folytonos kommunista \n\u2013 \u00d6n ma is az Internacion\u00e1l\u00e9t \u00e9nekli. \u00c9s \u00d6n az\u00e9rt nevezhet\u0151 mind a mai napig egy \naljas, n\u00e9pirt\u00f3 (100.000.000 \u00e1ldozat!) ideol\u00f3gia \u00e9s \u00e1h\u00edtott torz vil\u00e1grend egyik \nutols\u00f3 cs\u00f6kev\u00e9ny\u00e9nek, mert jelen idej\u0171 cselekedetei ezt er\u0151s\u00edtik. \u00d6n a legs\u00e1t\u00e1nibb \neszk\u00f6z\u00f6kkel, a hazugs\u00e1g eszk\u00f6zeivel \u00e9lt a hat\u00e1ron t\u00fali magyarok \u00fajrahonos\u00edt\u00e1s\u00e1\u00e9rt \nind\u00edtott n\u00e9pszavaz\u00e1s kamp\u00e1ny\u00e1nak id\u0151szak\u00e1ban, amelynek sor\u00e1n hivatal\u00e1n\u00e1l fogva \na hallgat\u00e1s lett volna az egyed\u00fcl t\u00f6rv\u00e9nyes cselekedete. <\/p>\n\n\n\n<p>&#8222;A s\u00e1t\u00e1n az aty\u00e1tok, \u00e9s aty\u00e1tok kedv\u00e9re igyekeztek tenni, aki \nkezdett\u0151l fogva gyilkos, nem tartott ki az igazs\u00e1gban, mert nincs benne igazs\u00e1g. \nAmikor hazudik, mag\u00e1b\u00f3l mer\u00edti, mert hazug \u00e9s a hazugs\u00e1g atyja.&#8221; J\u00e1nos 8. \n44<\/p>\n\n\n\n<p>&#8222;\u00cdgy \nazok, akik nem hittek az Igazs\u00e1gban, hanem a gonoszs\u00e1gban telt kedv\u00fck, mind \u00edt\u00e9letet \nvonnak magukra.&#8221; P\u00e1l, Tessz. 2<\/p>\n\n\n\n<p>\u00d6nnek \nterm\u00e9szetesen ezek a szavak sem jelentenek semmit, hiszen a Szent\u00edr\u00e1s szavai.<\/p>\n\n\n\n<p>\u00d6n \nm\u00e9rhetetlen k\u00e1rt okoz ebben a vil\u00e1gban, \u00e9s ezt tudatosan teszi!<\/p>\n\n\n\n<p>\u00d6n \nlabanc, n\u00e9pe, nemzete \u00e1rul\u00f3ja, de rosszabb a kuruckori \nb\u0171nt\u00e1rsain\u00e1l, mert ma m\u00e9rhetetlen\u00fcl nagyobb arzen\u00e1llal szolg\u00e1lhatja a Hazugs\u00e1g \nSzellem\u00e9t, mint dicstelen el\u0151dei.<\/p>\n\n\n\n<p>M\u00e9gis \n-tal\u00e1n b\u00edzva abban, hogy b\u00e1r egy \u00e9letre, \u00fagy l\u00e1tszik \nott fityeg az \u00d6n nyak\u00e1n az&nbsp;aljas diktat\u00fara \nv\u00f6r\u00f6s nyakkend\u0151je-, tal\u00e1n van n\u00e9h\u00e1ny k\u00f6z\u00f6s szavunk, amely \u00e1ltal \u00e9rthetj\u00fck egym\u00e1st!<\/p>\n\n\n\n<p>Most, \nhogy a v\u00e9gkifejletet ismerj\u00fck -a december 5-i gy\u00e1sznapot \u00e9rtve ezalatt, amely \naz \u00e9n hitem szerint csak a Gonosz id\u0151leges gy\u0151zelme az \u00d6n seg\u00e9dlet\u00e9vel, de nem \nv\u00e9gleges, az bizonyos!-, elgondolkodik-e \u00d6n szem\u00e9lyes \nfelel\u0151ss\u00e9g\u00e9n? Most a k\u00e9ts\u00e9gbeesett reag\u00e1l\u00e1sok ismeret\u00e9ben, tiszt\u00e1ban van-e n\u00e9h\u00e1ny \nh\u00e9ttel ezel\u0151tti m\u00e9rhetetlen hazugs\u00e1g-\u00f6z\u00f6n\u00e9nek s\u00faly\u00e1val? <\/p>\n\n\n\n<p>Van \n\u00d6nnek lelkiismeret furdal\u00e1sa? <\/p>\n\n\n\n<p>Van \n\u00d6nnek lelke? (&#8222;Mert a L\u00e9lek az Igazs\u00e1g.&#8221; J\u00e1nos 1.5.)<\/p>\n\n\n\n<p>Vagy \ncsak \u00fagy \u00e9rzi, hatalma van?<\/p>\n\n\n\n<p>Mert, \nha csak hatalma van, az egy\u00fctt\u00e9rz\u00e9s, a szeretet \u00e9s az igazs\u00e1goss\u00e1g gyakorl\u00e1sa \nn\u00e9lk\u00fcl egy orsz\u00e1g \u00e9l\u00e9n, tudja hov\u00e1 ker\u00fclt \u00d6n? Gyergy\u00f3szentmikl\u00f3son \nm\u00e1r m\u00e1snap tudt\u00e1k, egyszer\u0171 parasztemberek: a magyar t\u00f6rt\u00e9nelem szem\u00e9tdombj\u00e1nak \nlegalj\u00e1ra! <\/p>\n\n\n\n<p>Isten \n-m\u00e1s senki -, tal\u00e1n m\u00e9g megbocs\u00e1t!<\/p>\n\n\n\n<p>Kiss Iv\u00e1n<\/p>\n\n\n\n<p>magyar \u00e1llampolg\u00e1r<\/p>\n\n\n\n<p>2004. december 22.<\/p>\n","protected":false},"excerpt":{"rendered":"<p>Uram! \u00d6n olyan m\u00e9rt\u00e9kben befoly\u00e1solta -negat\u00edv ir\u00e1nyban- egy nemzet j\u00f6v\u0151be vetett hit\u00e9t, \u00f6sszetartoz\u00e1s-\u00e9rz\u00e9s\u00e9t \u00e9rint\u0151 n\u00e9pszavaz\u00e1s kimenetel\u00e9t -r\u00e1ad\u00e1sul alkotm\u00e1nyellenes m\u00f3don, amely cselekedete teh\u00e1t de jure b\u0171nt\u00e9ny-, hogy \u00d6nnek a k\u00e9s\u0151bbi korok, a t\u00f6rt\u00e9nelem, a magyar nemzet t\u00f6rt\u00e9nelme soha nem fogja ezt megbocs\u00e1tani. \u00d6nnek persze ezek a szavak, mint: &#8222;hit&#8221;, &#8222;nemzet&#8221;, &#8222;\u00f6sszetartoz\u00e1s&#8221;, &#8222;magyar&#8221; szocializ\u00e1ci\u00f3ja folyt\u00e1n semmit sem jelentenek, mivel \u00d6n kommunista. Egy \u00f6nk\u00e9nyuralmi ideol\u00f3gia sz\u00fcl\u00f6tte, k\u00e9pvisel\u0151je, kiszolg\u00e1l\u00f3ja, amely ideol\u00f3gia mor\u00e1lisan teljesen azonos a n\u00e1cizmus\u00e9val (sajnos a mor\u00e1l sz\u00f3 szint\u00e9n nem jelent semmit \u00d6nnek). Ez\u00e9rt \u00d6n nem volt kommunista, hanem sz\u00fcletett \u00e9s folytonos kommunista \u2013 \u00d6n ma is az Internacion\u00e1l\u00e9t \u00e9nekli. \u00c9s \u00d6n [&hellip;]<\/p>\n","protected":false},"author":2,"featured_media":0,"parent":0,"menu_order":0,"comment_status":"closed","ping_status":"closed","template":"","meta":{"footnotes":""},"class_list":["post-337","page","type-page","status-publish","hentry"],"_links":{"self":[{"href":"https:\/\/jobbkor.hu\/index.php\/wp-json\/wp\/v2\/pages\/337","targetHints":{"allow":["GET"]}}],"collection":[{"href":"https:\/\/jobbkor.hu\/index.php\/wp-json\/wp\/v2\/pages"}],"about":[{"href":"https:\/\/jobbkor.hu\/index.php\/wp-json\/wp\/v2\/types\/page"}],"author":[{"embeddable":true,"href":"https:\/\/jobbkor.hu\/index.php\/wp-json\/wp\/v2\/users\/2"}],"replies":[{"embeddable":true,"href":"https:\/\/jobbkor.hu\/index.php\/wp-json\/wp\/v2\/comments?post=337"}],"version-history":[{"count":1,"href":"https:\/\/jobbkor.hu\/index.php\/wp-json\/wp\/v2\/pages\/337\/revisions"}],"predecessor-version":[{"id":338,"href":"https:\/\/jobbkor.hu\/index.php\/wp-json\/wp\/v2\/pages\/337\/revisions\/338"}],"wp:attachment":[{"href":"https:\/\/jobbkor.hu\/index.php\/wp-json\/wp\/v2\/media?parent=337"}],"curies":[{"name":"wp","href":"https:\/\/api.w.org\/{rel}","templated":true}]}}

Gyurcsány Ferenc magyar állampolgárnak

<p>Uram!</p>



<p>Ön olyan mértékben befolyásolta -negatív irányban- egy  nemzet jövőbe vetett hitét, összetartozás-érzését érintő  népszavazás kimenetelét -ráadásul alkotmányellenes módon, amely cselekedete tehát  de jure bűntény-, hogy Önnek a későbbi korok, a történelem, a  magyar nemzet történelme soha nem fogja ezt megbocsátani.</p>



<p>Önnek 
persze ezek a szavak, mint: &#8222;hit&#8221;, &#8222;nemzet&#8221;, &#8222;összetartozás&#8221;, 
&#8222;magyar&#8221; szocializációja folytán semmit sem jelentenek, mivel Ön kommunista. 
Egy önkényuralmi ideológia szülötte, képviselője, kiszolgálója, amely ideológia 
morálisan teljesen azonos a nácizmuséval (sajnos a morál szó szintén nem jelent 
semmit Önnek). Ezért Ön nem volt kommunista, hanem született és folytonos kommunista 
– Ön ma is az Internacionálét énekli. És Ön azért nevezhető mind a mai napig egy 
aljas, népirtó (100.000.000 áldozat!) ideológia és áhított torz világrend egyik 
utolsó csökevényének, mert jelen idejű cselekedetei ezt erősítik. Ön a legsátánibb 
eszközökkel, a hazugság eszközeivel élt a határon túli magyarok újrahonosításáért 
indított népszavazás kampányának időszakában, amelynek során hivatalánál fogva 
a hallgatás lett volna az egyedül törvényes cselekedete. </p>



<p>&#8222;A sátán az atyátok, és atyátok kedvére igyekeztek tenni, aki 
kezdettől fogva gyilkos, nem tartott ki az igazságban, mert nincs benne igazság. 
Amikor hazudik, magából meríti, mert hazug és a hazugság atyja.&#8221; János 8. 
44</p>



<p>&#8222;Így 
azok, akik nem hittek az Igazságban, hanem a gonoszságban telt kedvük, mind ítéletet 
vonnak magukra.&#8221; Pál, Tessz. 2</p>



<p>Önnek 
természetesen ezek a szavak sem jelentenek semmit, hiszen a Szentírás szavai.</p>



<p>Ön 
mérhetetlen kárt okoz ebben a világban, és ezt tudatosan teszi!</p>



<p>Ön 
labanc, népe, nemzete árulója, de rosszabb a kuruckori 
bűntársainál, mert ma mérhetetlenül nagyobb arzenállal szolgálhatja a Hazugság 
Szellemét, mint dicstelen elődei.</p>



<p>Mégis 
-talán bízva abban, hogy bár egy életre, úgy látszik 
ott fityeg az Ön nyakán az&nbsp;aljas diktatúra 
vörös nyakkendője-, talán van néhány közös szavunk, amely által érthetjük egymást!</p>



<p>Most, 
hogy a végkifejletet ismerjük -a december 5-i gyásznapot értve ezalatt, amely 
az én hitem szerint csak a Gonosz időleges győzelme az Ön segédletével, de nem 
végleges, az bizonyos!-, elgondolkodik-e Ön személyes 
felelősségén? Most a kétségbeesett reagálások ismeretében, tisztában van-e néhány 
héttel ezelőtti mérhetetlen hazugság-özönének súlyával? </p>



<p>Van 
Önnek lelkiismeret furdalása? </p>



<p>Van 
Önnek lelke? (&#8222;Mert a Lélek az Igazság.&#8221; János 1.5.)</p>



<p>Vagy 
csak úgy érzi, hatalma van?</p>



<p>Mert, 
ha csak hatalma van, az együttérzés, a szeretet és az igazságosság gyakorlása 
nélkül egy ország élén, tudja hová került Ön? Gyergyószentmiklóson 
már másnap tudták, egyszerű parasztemberek: a magyar történelem szemétdombjának 
legaljára! </p>



<p>Isten 
-más senki -, talán még megbocsát!</p>



<p>Kiss Iván</p>



<p>magyar állampolgár</p>



<p>2004. december 22.</p>

<p>Uram! Ön olyan mértékben befolyásolta -negatív irányban- egy nemzet jövőbe vetett hitét, összetartozás-érzését érintő népszavazás kimenetelét -ráadásul alkotmányellenes módon, amely cselekedete tehát de jure bűntény-, hogy Önnek a későbbi korok, a történelem, a magyar nemzet történelme soha nem fogja ezt megbocsátani. Önnek persze ezek a szavak, mint: &#8222;hit&#8221;, &#8222;nemzet&#8221;, &#8222;összetartozás&#8221;, &#8222;magyar&#8221; szocializációja folytán semmit sem jelentenek, mivel Ön kommunista. Egy önkényuralmi ideológia szülötte, képviselője, kiszolgálója, amely ideológia morálisan teljesen azonos a nácizmuséval (sajnos a morál szó szintén nem jelent semmit Önnek). Ezért Ön nem volt kommunista, hanem született és folytonos kommunista – Ön ma is az Internacionálét énekli. És Ön [&hellip;]</p>
