{"id":353,"date":"2019-11-03T18:49:52","date_gmt":"2019-11-03T17:49:52","guid":{"rendered":"http:\/\/proba.jobbkor.hu\/?page_id=353"},"modified":"2019-11-03T18:49:52","modified_gmt":"2019-11-03T17:49:52","slug":"nyilt-level-gero-andrasnak","status":"publish","type":"page","link":"https:\/\/jobbkor.hu\/index.php\/nyilt-level-gero-andrasnak\/","title":{"rendered":"Ny\u00edlt lev\u00e9l Ger\u0151 Andr\u00e1snak"},"content":{"rendered":"\n<p><strong>Ger\u00f5 Andr\u00e1s t\u00f6rt\u00e9n\u00e9sznek,<br>a Habsburg T\u00f6rt\u00e9neti Int\u00e9zet Igazgat\u00f3j\u00e1nak      <\/strong><\/p>\n\n\n\n<p><strong>Tisztelt Ger\u0151 Andr\u00e1s \u00dar!<\/strong><\/p>\n\n\n\n<p><strong>Megd\u00f6bben\u00e9ssel \u00e9rtes\u00fclt\u00fcnk a sajt\u00f3b\u00f3l, hogy \u00d6n egy konferenci\u00e1n tett kijelent\u00e9s\u00e9vel gyakorlatilag n\u00e1ciknak min\u0151s\u00edtette azokat, akik az Eur\u00f3pai Uni\u00f3hoz val\u00f3 csatlakoz\u00e1sr\u00f3l tartott n\u00e9pszavaz\u00e1son nemmel voksoltak.<br>\u00c1ll\u00e1sfoglal\u00e1sa m\u00e1r csak az\u00e9rt is csod\u00e1lkoz\u00e1sra k\u00e9sztet, mert a k\u00f6zelm\u00faltban \u00e9ppen \u00d6n volt az, aki egy k\u00fcl\u00f6n\u00f6sen durva hangv\u00e9tel\u0171 t\u00e1mad\u00e1s ellen tiltakozva Schmidt M\u00e1ria, a Terror H\u00e1za igazgat\u00f3ja mell\u00e9 \u00e1llt, ezzel p\u00e9ldamutat\u00f3 m\u00f3don fel\u00fclemelkedve a politikai n\u00e9zetk\u00fcl\u00f6nbs\u00e9geken a val\u00f3ban eur\u00f3pai viselked\u00e9si norm\u00e1k v\u00e9delm\u00e9ben. Ez\u00e9rt, am\u00edg az ellenkez\u0151j\u00e9r\u0151l meg nem bizonyosodunk, \u00fagy tekintj\u00fck, hogy kijelent\u00e9se pontatlanul jelent meg a sajt\u00f3ban, vagy tr\u00e9f\u00e1nak sz\u00e1nt, szerencs\u00e9tlen\u00fcl siker\u00fclt megjegyz\u00e9sr\u0151l van sz\u00f3. Mindenk\u00e9ppen sz\u00fcks\u00e9ges azonban, hogy \u00d6n valamilyen form\u00e1ban vil\u00e1gos magyar\u00e1zattal szolg\u00e1ljon. K\u00e9rj\u00fck, jelentse ki hat\u00e1rozottan: nem tekinti n\u00e1ciknak azon honfit\u00e1rsainkat, akik teljesen t\u00f6rv\u00e9nyes m\u00f3don \u00e9ltek azon jogukkal, hogy egy n\u00e9pszavaz\u00e1sra bocs\u00e1tott k\u00e9rd\u00e9sben a k\u00e9t egyar\u00e1nt legitim lehet\u0151s\u00e9g k\u00f6z\u00fcl azt v\u00e1lassz\u00e1k, amely \u00d6nnek t\u00f6rt\u00e9netesen kev\u00e9sb\u00e9 rokonszenves, s akiket ez\u00e9rt becsm\u00e9relni minden demokr\u00e1ci\u00e1ban megengedhetetlen. <\/strong><\/p>\n\n\n\n<p><strong>V\u00e1rjuk nyilatkozat\u00e1t.<\/strong><\/p>\n\n\n\n<p><strong>Tisztelettel<br>Jobb Kor Polg\u00e1ri K\u00f6r<br>      <\/strong> <\/p>\n\n\n\n<p><strong><br>\n    Budakeszi, 2003. szeptember 24.<br>\n    <\/strong><\/p>\n","protected":false},"excerpt":{"rendered":"<p>Ger\u00f5 Andr\u00e1s t\u00f6rt\u00e9n\u00e9sznek,a Habsburg T\u00f6rt\u00e9neti Int\u00e9zet Igazgat\u00f3j\u00e1nak Tisztelt Ger\u0151 Andr\u00e1s \u00dar! Megd\u00f6bben\u00e9ssel \u00e9rtes\u00fclt\u00fcnk a sajt\u00f3b\u00f3l, hogy \u00d6n egy konferenci\u00e1n tett kijelent\u00e9s\u00e9vel gyakorlatilag n\u00e1ciknak min\u0151s\u00edtette azokat, akik az Eur\u00f3pai Uni\u00f3hoz val\u00f3 csatlakoz\u00e1sr\u00f3l tartott n\u00e9pszavaz\u00e1son nemmel voksoltak.\u00c1ll\u00e1sfoglal\u00e1sa m\u00e1r csak az\u00e9rt is csod\u00e1lkoz\u00e1sra k\u00e9sztet, mert a k\u00f6zelm\u00faltban \u00e9ppen \u00d6n volt az, aki egy k\u00fcl\u00f6n\u00f6sen durva hangv\u00e9tel\u0171 t\u00e1mad\u00e1s ellen tiltakozva Schmidt M\u00e1ria, a Terror H\u00e1za igazgat\u00f3ja mell\u00e9 \u00e1llt, ezzel p\u00e9ldamutat\u00f3 m\u00f3don fel\u00fclemelkedve a politikai n\u00e9zetk\u00fcl\u00f6nbs\u00e9geken a val\u00f3ban eur\u00f3pai viselked\u00e9si norm\u00e1k v\u00e9delm\u00e9ben. Ez\u00e9rt, am\u00edg az ellenkez\u0151j\u00e9r\u0151l meg nem bizonyosodunk, \u00fagy tekintj\u00fck, hogy kijelent\u00e9se pontatlanul jelent meg a sajt\u00f3ban, vagy tr\u00e9f\u00e1nak sz\u00e1nt, szerencs\u00e9tlen\u00fcl siker\u00fclt megjegyz\u00e9sr\u0151l van [&hellip;]<\/p>\n","protected":false},"author":2,"featured_media":0,"parent":0,"menu_order":0,"comment_status":"closed","ping_status":"closed","template":"","meta":{"footnotes":""},"class_list":["post-353","page","type-page","status-publish","hentry"],"_links":{"self":[{"href":"https:\/\/jobbkor.hu\/index.php\/wp-json\/wp\/v2\/pages\/353","targetHints":{"allow":["GET"]}}],"collection":[{"href":"https:\/\/jobbkor.hu\/index.php\/wp-json\/wp\/v2\/pages"}],"about":[{"href":"https:\/\/jobbkor.hu\/index.php\/wp-json\/wp\/v2\/types\/page"}],"author":[{"embeddable":true,"href":"https:\/\/jobbkor.hu\/index.php\/wp-json\/wp\/v2\/users\/2"}],"replies":[{"embeddable":true,"href":"https:\/\/jobbkor.hu\/index.php\/wp-json\/wp\/v2\/comments?post=353"}],"version-history":[{"count":1,"href":"https:\/\/jobbkor.hu\/index.php\/wp-json\/wp\/v2\/pages\/353\/revisions"}],"predecessor-version":[{"id":354,"href":"https:\/\/jobbkor.hu\/index.php\/wp-json\/wp\/v2\/pages\/353\/revisions\/354"}],"wp:attachment":[{"href":"https:\/\/jobbkor.hu\/index.php\/wp-json\/wp\/v2\/media?parent=353"}],"curies":[{"name":"wp","href":"https:\/\/api.w.org\/{rel}","templated":true}]}}

Nyílt levél Gerő Andrásnak

<p><strong>Gerõ András történésznek,<br>a Habsburg Történeti Intézet Igazgatójának      </strong></p>



<p><strong>Tisztelt Gerő András Úr!</strong></p>



<p><strong>Megdöbbenéssel értesültünk a sajtóból, hogy Ön egy konferencián tett kijelentésével gyakorlatilag náciknak minősítette azokat, akik az Európai Unióhoz való csatlakozásról tartott népszavazáson nemmel voksoltak.<br>Állásfoglalása már csak azért is csodálkozásra késztet, mert a közelmúltban éppen Ön volt az, aki egy különösen durva hangvételű támadás ellen tiltakozva Schmidt Mária, a Terror Háza igazgatója mellé állt, ezzel példamutató módon felülemelkedve a politikai nézetkülönbségeken a valóban európai viselkedési normák védelmében. Ezért, amíg az ellenkezőjéről meg nem bizonyosodunk, úgy tekintjük, hogy kijelentése pontatlanul jelent meg a sajtóban, vagy tréfának szánt, szerencsétlenül sikerült megjegyzésről van szó. Mindenképpen szükséges azonban, hogy Ön valamilyen formában világos magyarázattal szolgáljon. Kérjük, jelentse ki határozottan: nem tekinti náciknak azon honfitársainkat, akik teljesen törvényes módon éltek azon jogukkal, hogy egy népszavazásra bocsátott kérdésben a két egyaránt legitim lehetőség közül azt válasszák, amely Önnek történetesen kevésbé rokonszenves, s akiket ezért becsmérelni minden demokráciában megengedhetetlen. </strong></p>



<p><strong>Várjuk nyilatkozatát.</strong></p>



<p><strong>Tisztelettel<br>Jobb Kor Polgári Kör<br>      </strong> </p>



<p><strong><br>
    Budakeszi, 2003. szeptember 24.<br>
    </strong></p>

<p>Gerõ András történésznek,a Habsburg Történeti Intézet Igazgatójának Tisztelt Gerő András Úr! Megdöbbenéssel értesültünk a sajtóból, hogy Ön egy konferencián tett kijelentésével gyakorlatilag náciknak minősítette azokat, akik az Európai Unióhoz való csatlakozásról tartott népszavazáson nemmel voksoltak.Állásfoglalása már csak azért is csodálkozásra késztet, mert a közelmúltban éppen Ön volt az, aki egy különösen durva hangvételű támadás ellen tiltakozva Schmidt Mária, a Terror Háza igazgatója mellé állt, ezzel példamutató módon felülemelkedve a politikai nézetkülönbségeken a valóban európai viselkedési normák védelmében. Ezért, amíg az ellenkezőjéről meg nem bizonyosodunk, úgy tekintjük, hogy kijelentése pontatlanul jelent meg a sajtóban, vagy tréfának szánt, szerencsétlenül sikerült megjegyzésről van [&hellip;]</p>
