{"id":355,"date":"2019-11-03T19:02:16","date_gmt":"2019-11-03T18:02:16","guid":{"rendered":"http:\/\/proba.jobbkor.hu\/?page_id=355"},"modified":"2019-11-03T19:02:16","modified_gmt":"2019-11-03T18:02:16","slug":"nektek-mi-jut-eszetekbe-a-mai-naprol","status":"publish","type":"page","link":"https:\/\/jobbkor.hu\/index.php\/nektek-mi-jut-eszetekbe-a-mai-naprol\/","title":{"rendered":"Nektek mi jut eszetekbe a mai napr\u00f3l?"},"content":{"rendered":"<em><b>(2003. j\u00falius 4.)<\/b><\/em>\n\n<!-- \/wp:post-content --><!-- wp:paragraph -->\n\n<strong>Nektek mi jut eszetekbe a mai napr\u00f3l<\/strong>, az \u00fan. H\u00eddi Csata \u00e9vfordul\u00f3j\u00e1r\u00f3l? Egy \u00e9v telt el az\u00f3ta, hogy jelenleg uralkod\u00f3 p\u00e1rtunk \u00e9skorm\u00e1nyunk bebizony\u00edtotta, hogy f\u00e9l a tiszta lelkiismeret\u0171 emberekt\u0151l, retteg a demokratikus v\u00e9lem\u00e9ny-nyilv\u00e1n\u00edt\u00e1st\u00f3l \u00e9s nem v\u00e1logat eszk\u00f6z\u00f6kben, hogy \u00e9rdekeit\nv\u00e9dje.\n\n<!-- \/wp:paragraph --><!-- wp:paragraph -->\n\nR\u00e9szemr\u0151l ma reggel \u2013 mint \u00e1ltal\u00e1ban \u2013 \u00e1taut\u00f3ztam az Erzs\u00e9bet-h\u00eddon. A l\u00e1tv\u00e1nyt\u00f3l g\u00f6rcsbe r\u00e1ndult a gyomrom. A j\u00e1rd\u00e1k magas vaskorl\u00e1tokkal szinte hermetikusan lez\u00e1rva, a sz\u00e9ls\u0151 s\u00e1vok elker\u00edtve, 10 m\u00e9terenk\u00e9nt egy-egy g\u00e1z\u00e1larccal felszerelt rend\u0151r, aut\u00f3ment\u0151k t\u00f6mkelege (csupa maszek aut\u00f3-elsz\u00e1ll\u00edt\u00f3 \u2013 milyen lelke van egy ilyen embernek?), a h\u00edd bekamer\u00e1zva, a k\u00f6rny\u00e9kben rabsz\u00e1ll\u00edt\u00f3 aut\u00f3k \u00e9s rohamrend\u0151r\u00f6k, stb. Ha nem a saj\u00e1t szememmel l\u00e1tom, tal\u00e1n nem is hiszem.\n\n<!-- \/wp:paragraph --><!-- wp:paragraph -->\n\n<strong>Szerintetek ilyen egy takar\u00e9kos korm\u00e1ny?<\/strong> A 150 k\u00f6r\u00fcli b\u00e9k\u00e9s t\u00fcntet\u0151 ellen felvonultatott arzen\u00e1l k\u00f6lts\u00e9geit melyik korm\u00e1nytag fizet\u00e9s\u00e9b\u0151l gazd\u00e1lkodt\u00e1k ki? Van fogalmatok, mibe ker\u00fclt vajon mindez a \u201ej\u00e1t\u00e9k\u201d nek\u00fcnk. Nekem nincs. A szint\u00e9n ma (\u00fajra)avatott szeksz\u00e1rdi Duna-h\u00eddra ugyan ki mert\u00e9k \u00edrni, hogy az ad\u00f3fizet\u0151k p\u00e9nz\u00e9b\u0151l 23 milli\u00e1rd forintot k\u00f6lt\u00f6ttek el r\u00e1. A m\u00e1sik h\u00eddra, az Erzs\u00e9betre, nem mert\u00e9k ki\u00edrni, mennyit loptak ki ez\u00e9rt az akci\u00f3\u00e9rt (helikopterest\u00fcl, vizirend\u0151r\u00f6st\u00fcl) a k\u00f6zkassz\u00e1b\u00f3l.\n\n<!-- \/wp:paragraph --><!-- wp:paragraph -->\n\n<strong>Szerintetek \u00e1tpolitiz\u00e1lt a rend\u0151rs\u00e9g?<\/strong> P\u00e1rtunk \u00e9s korm\u00e1nyunk a k\u00f6zelm\u00faltban felh\u00e1borodva nyilatkozta, deklar\u00e1lta, hogy semmif\u00e9le befoly\u00e1ssal nem \u00e9l a rendfenntart\u00f3 szervezet ir\u00e1ny\u00e1ban. Ezt ma csup\u00e1n az a n\u00e9h\u00e1ny d\u00e9l-zimbabwei turista veheti komolyan, akik \u00e9let\u00fck els\u0151 budapesti v\u00e1rosn\u00e9z\u00e9s\u00e9r\u0151l lek\u00e9sve m\u00e9g b\u00e9k\u00e9sen szuny\u00f3k\u00e1lnak sz\u00e1llodai szob\u00e1jukban. Megf\u00e9leml\u00edt\u00e9s folyik\nitt, kem\u00e9nyked\u00e9s, er\u0151fitogtat\u00e1s, semmi m\u00e1s. Eml\u00e9kezzetek vissza, hogyan teremtette meg saj\u00e1t legend\u00e1j\u00e1t Demszky G\u00e1bor! J\u00f3 n\u00e9h\u00e1nyszor belesuttogt\u00e1k a m\u00e9di\u00e1ba, hogy \u0151t bizony \u00fcld\u00f6zte-verte a rend\u0151rs\u00e9g, az az \u00e1tkos p\u00e1rt\u00e1llami.\u00c1ll\u00edt\u00f3lag azok, akikkel most \u00e9s kor\u00e1bban is egy \u00e1gyba fek\u00fcdt, akikkel egym\u00e1s kez\u00e9t fogdoss\u00e1k \u00e9s mosogatj\u00e1k. Hihet\u0151, ugye?\n\n<!-- \/wp:paragraph --><!-- wp:paragraph -->\n\nA mostan\u00e1ban t\u00f6rt\u00e9nt rend\u0151ri beavatkoz\u00e1sok egy\u00e9rtelm\u0171en bizony\u00edtja, hogy rend\u0151rs\u00e9g\u00fcnk val\u00f3ban szolg\u00e1l \u00e9s v\u00e9d: szolg\u00e1lja a jelenlegi hatalom \u00e9rdekeit \u00e9s v\u00e9di is azokat, minden rendelkez\u00e9s\u00e9re \u00e1ll\u00f3 eszk\u00f6zzel.\n\n<!-- \/wp:paragraph --><!-- wp:paragraph -->\n\nVan egy bar\u00e1tom. Budakeszin lakik \u00e9s l\u00e9gifot\u00f3z\u00e1ssal foglalkozik. A mai napon nem engedt\u00e9k a koll\u00e9g\u00e1j\u00e1t felsz\u00e1llni Budapest l\u00e9gter\u00e9be. Vajon mi\u00e9rt, mikor eddig minden nap megtehette ezt, r\u00e1ad\u00e1sul a mai napra is el\u0151re bejelentette sz\u00e1nd\u00e9k\u00e1t? Mivel indokolhat\u00f3 ez a hirtelen j\u00f6tt, egynapos rep\u00fcl\u00e9si tilalom? Semmi k\u00f6ze a politikamentes rend\u0151rs\u00e9ghez \u00e9s a mai t\u00fcntet\u00e9shez?\n\n<!-- \/wp:paragraph --><!-- wp:paragraph -->\n\n<strong>Ki akad\u00e1lyozza a forgalmat?<\/strong> T\u00f6bb, furcsa m\u00f3don kiz\u00e1r\u00f3lag a jelenlegi ellenz\u00e9ki oldal \u00e1ltal szervezett demonstr\u00e1ci\u00f3t betiltott az ut\u00f3bbi id\u0151ben a mi kis dr\u00e1gal\u00e1tos politikamentes rend\u0151rs\u00e9g\u00fcnk arra hivatkozva, hogy a demonstr\u00e1ci\u00f3 sz\u00fcks\u00e9gszer\u0171tlen\u00fcl akad\u00e1lyozza a k\u00f6z\u00fati forgalmat. Ezzel az\nindokkal f\u00fart\u00e1k meg a budakeszi els\u0151 \u00fatlez\u00e1r\u00e1st is. Most vajon ki akad\u00e1lyozta azt a j\u00f3 kis forgalmat? Tal\u00e1n az a 150 ember a j\u00e1rd\u00e1n? Vagy netal\u00e1n az a p\u00e1r sz\u00e1z rend\u0151r, t\u00f6bb tucat aut\u00f3 meg a hatb\u00f3l lez\u00e1rt k\u00e9t forgalmi s\u00e1v, a mai sz\u00ednj\u00e1t\u00e9k elengedhetetlen d\u00edszletei?\n\n<!-- \/wp:paragraph --><!-- wp:paragraph -->\n\nHa figyelt\u00e9tek a nap folyam\u00e1n a m\u00e9di\u00e1kat, tan\u00fai lehettetek az objekt\u00edv \u201etud\u00f3s\u00edt\u00e1sok\u201d hamiss\u00e1g\u00e1nak, a hangulatkelt\u00e9snek. Az \u00f6nmag\u00e1ra oly b\u00fcszke \u00e9s n\u00e9pszer\u0171 internetes h\u00edrcsatorn\u00e1k most bezzeg egyetlen \u00e9l\u0151k\u00e9pet sem mertek mutatni. A tud\u00f3s\u00edt\u00e1sokban a t\u00fcntet\u0151ket \u00e9s a szervez\u00e9st \u00e1lland\u00f3 jelz\u0151kkel illett\u00e9k (tanultuk: eposzi kell\u00e9kek), amelyek finoman lej\u00e1ratt\u00e1k az eg\u00e9sz nap\nszellemis\u00e9g\u00e9t.\n\n<!-- \/wp:paragraph --><!-- wp:paragraph -->\n\nUgyancsak a mai nap t\u00f6rt\u00e9n\u00e9se volt, hogy etikai p\u00e9ldak\u00e9p\u00fcnk, a magyar nyelv \u00e9s irodalom, a t\u00e1nc \u00e9s illemtan, valamint a vezet\u00e9studom\u00e1nyok nemzetk\u00f6zi nagymestere, MP b\u00e1tran szembesz\u00e1llt az elemekkel \u00e9s egy csap\u00e1sra felavatta a m\u00e1r \u00e1ll\u00f3, felavatott Szent-L\u00e1szl\u00f3-hidat. \u00dajabb leck\u00e9t kaptunk Ron Werbert\u0151l \u00e9s tan\u00edtv\u00e1nyait\u00f3l, hogyan kell egy eg\u00e9sz orsz\u00e1g id\u0151beoszt\u00e1s\u00e1t egy ember\u00e9hez\nigaz\u00edtani. Megv\u00e1rtuk, am\u00edg Peti visszaj\u00f6n szabads\u00e1g\u00e1r\u00f3l, r\u00e1\u00e9r \u00e9s felavat.\nEgy\u00e9bk\u00e9nt is j\u00f3l siker\u00fcltek eddigi minisztereln\u00f6ki szabads\u00e1gai: a tavalyi \u00e1rv\u00edz alatt Nizz\u00e1ban s\u00fcttette a has\u00e1t (nagy nehezen az\u00e9rt hazacsalogatt\u00e1k), titokban ment szilveszterezni Kub\u00e1ba (k\u00f6zben itthon \u00e9l\u0151ben adott TV-interj\u00fat) \u00e9s csak egyetlen pletykalapnak adta el az arr\u00f3l k\u00e9sz\u00fclt fot\u00f3kat (!), m\u00edg a Parlament a k\u00f3rh\u00e1zt\u00f6rv\u00e9nyt nyomta le saj\u00e1t tork\u00e1n (\u00e9s a mienken), addig \u0151 \u00e9vi rendes szabads\u00e1g\u00e1ra ment. Emberi magass\u00e1gok, amiket mi csak nagy nehezen tudunk el\u00e9rni\u2026\n\n<!-- \/wp:paragraph --><!-- wp:paragraph -->\n\nH\u00e1t kedves l\u00e1nyok-fi\u00fak, ez jutott eszembe a mai napr\u00f3l. K\u00f6sz\u00f6n\u00f6m, hogy elolvast\u00e1tok agymen\u00e9semet. Mi is volt a c\u00e9lom vele? Pr\u00f3b\u00e1ljunk meg egyszer az <em><b>ilyen <\/b><\/em>napok ellen \u00e1ll\u00e1st foglalni, honlapunkra kirakni, felel\u0151seit t\u00e1madgatni!\n\n<!-- \/wp:paragraph --><!-- wp:paragraph -->\n\nBudakeszi, 2003. j\u00falius 4.\n\n<!-- \/wp:paragraph --><!-- wp:paragraph -->\n\nTill G\u00e1bor\n\n<!-- \/wp:paragraph --><!-- wp:paragraph -->\n\n<strong><i>PS: Holnap lesz a Meleg B\u00fcszkes\u00e9g Napja \u2013 minden \u00e9rintettnek gratul\u00e1lok! Lehet, hogy mi rosszul puszilkodunk, vagy csak nem tudunk alkalmazkodni a k\u00f6rnyezet\u00fcnkh\u00f6z? Az \u00e1llatvil\u00e1g az \u0151 szigor\u00fa szab\u00e1lyai szerint kidobja mag\u00e1b\u00f3l az ilyeneket\u2026Viszl\u00e1t! <\/i><\/strong>\n\n<!-- \/wp:paragraph -->\n<p class=\"MsoNormal\">&nbsp;<\/p>\n<!--EndFragment-->\n\n&nbsp;","protected":false},"excerpt":{"rendered":"<p>(2003. j\u00falius 4.) Nektek mi jut eszetekbe a mai napr\u00f3l, az \u00fan. H\u00eddi Csata \u00e9vfordul\u00f3j\u00e1r\u00f3l? Egy \u00e9v telt el az\u00f3ta, hogy jelenleg uralkod\u00f3 p\u00e1rtunk \u00e9skorm\u00e1nyunk bebizony\u00edtotta, hogy f\u00e9l a tiszta lelkiismeret\u0171 emberekt\u0151l, retteg a demokratikus v\u00e9lem\u00e9ny-nyilv\u00e1n\u00edt\u00e1st\u00f3l \u00e9s nem v\u00e1logat eszk\u00f6z\u00f6kben, hogy \u00e9rdekeit v\u00e9dje. R\u00e9szemr\u0151l ma reggel \u2013 mint \u00e1ltal\u00e1ban \u2013 \u00e1taut\u00f3ztam az Erzs\u00e9bet-h\u00eddon. A l\u00e1tv\u00e1nyt\u00f3l g\u00f6rcsbe r\u00e1ndult a gyomrom. A j\u00e1rd\u00e1k magas vaskorl\u00e1tokkal szinte hermetikusan lez\u00e1rva, a sz\u00e9ls\u0151 s\u00e1vok elker\u00edtve, 10 m\u00e9terenk\u00e9nt egy-egy g\u00e1z\u00e1larccal felszerelt rend\u0151r, aut\u00f3ment\u0151k t\u00f6mkelege (csupa maszek aut\u00f3-elsz\u00e1ll\u00edt\u00f3 \u2013 milyen lelke van egy ilyen embernek?), a h\u00edd bekamer\u00e1zva, a k\u00f6rny\u00e9kben rabsz\u00e1ll\u00edt\u00f3 aut\u00f3k \u00e9s rohamrend\u0151r\u00f6k, stb. Ha nem [&hellip;]<\/p>\n","protected":false},"author":2,"featured_media":0,"parent":0,"menu_order":0,"comment_status":"closed","ping_status":"closed","template":"","meta":{"footnotes":""},"class_list":["post-355","page","type-page","status-publish","hentry"],"_links":{"self":[{"href":"https:\/\/jobbkor.hu\/index.php\/wp-json\/wp\/v2\/pages\/355","targetHints":{"allow":["GET"]}}],"collection":[{"href":"https:\/\/jobbkor.hu\/index.php\/wp-json\/wp\/v2\/pages"}],"about":[{"href":"https:\/\/jobbkor.hu\/index.php\/wp-json\/wp\/v2\/types\/page"}],"author":[{"embeddable":true,"href":"https:\/\/jobbkor.hu\/index.php\/wp-json\/wp\/v2\/users\/2"}],"replies":[{"embeddable":true,"href":"https:\/\/jobbkor.hu\/index.php\/wp-json\/wp\/v2\/comments?post=355"}],"version-history":[{"count":1,"href":"https:\/\/jobbkor.hu\/index.php\/wp-json\/wp\/v2\/pages\/355\/revisions"}],"predecessor-version":[{"id":356,"href":"https:\/\/jobbkor.hu\/index.php\/wp-json\/wp\/v2\/pages\/355\/revisions\/356"}],"wp:attachment":[{"href":"https:\/\/jobbkor.hu\/index.php\/wp-json\/wp\/v2\/media?parent=355"}],"curies":[{"name":"wp","href":"https:\/\/api.w.org\/{rel}","templated":true}]}}