{"id":58,"date":"2019-10-27T23:54:49","date_gmt":"2019-10-27T22:54:49","guid":{"rendered":"http:\/\/proba.jobbkor.hu\/?page_id=58"},"modified":"2019-11-04T06:47:45","modified_gmt":"2019-11-04T05:47:45","slug":"marcius-15","status":"publish","type":"page","link":"https:\/\/jobbkor.hu\/index.php\/marcius-15\/","title":{"rendered":"M\u00e1rcius 15."},"content":{"rendered":"\n<p>Az anyag felt\u00f6lt\u00e9s alatt. K\u00e9rem l\u00e1togasson vissza k\u00e9s\u0151bb! K\u00f6sz\u00f6nj\u00fck meg\u00e9rt\u00e9s\u00e9t!<\/p>\n","protected":false},"excerpt":{"rendered":"<p>Az anyag felt\u00f6lt\u00e9s alatt. K\u00e9rem l\u00e1togasson vissza k\u00e9s\u0151bb! K\u00f6sz\u00f6nj\u00fck meg\u00e9rt\u00e9s\u00e9t!<\/p>\n","protected":false},"author":3,"featured_media":0,"parent":0,"menu_order":0,"comment_status":"closed","ping_status":"closed","template":"","meta":{"footnotes":""},"class_list":["post-58","page","type-page","status-publish","hentry"],"_links":{"self":[{"href":"https:\/\/jobbkor.hu\/index.php\/wp-json\/wp\/v2\/pages\/58","targetHints":{"allow":["GET"]}}],"collection":[{"href":"https:\/\/jobbkor.hu\/index.php\/wp-json\/wp\/v2\/pages"}],"about":[{"href":"https:\/\/jobbkor.hu\/index.php\/wp-json\/wp\/v2\/types\/page"}],"author":[{"embeddable":true,"href":"https:\/\/jobbkor.hu\/index.php\/wp-json\/wp\/v2\/users\/3"}],"replies":[{"embeddable":true,"href":"https:\/\/jobbkor.hu\/index.php\/wp-json\/wp\/v2\/comments?post=58"}],"version-history":[{"count":2,"href":"https:\/\/jobbkor.hu\/index.php\/wp-json\/wp\/v2\/pages\/58\/revisions"}],"predecessor-version":[{"id":381,"href":"https:\/\/jobbkor.hu\/index.php\/wp-json\/wp\/v2\/pages\/58\/revisions\/381"}],"wp:attachment":[{"href":"https:\/\/jobbkor.hu\/index.php\/wp-json\/wp\/v2\/media?parent=58"}],"curies":[{"name":"wp","href":"https:\/\/api.w.org\/{rel}","templated":true}]}}

Március 15.

<p>Az anyag feltöltés alatt. Kérem látogasson vissza később! Köszönjük megértését!</p>
